 is divided by 47?
16
What is the remainder when 776 is divided by 37?
36
What is the remainder when 431 is divided by 40?
31
What is the remainder when 189 is divided by 10?
9
Calculate the remainder when 339 is divided by 10.
9
What is the remainder when 633 is divided by 4?
1
What is the remainder when 126 is divided by 66?
60
What is the remainder when 2617 is divided by 64?
57
Calculate the remainder when 832 is divided by 31.
26
What is the remainder when 149 is divided by 8?
5
Calculate the remainder when 1662 is divided by 33.
12
Calculate the remainder when 286 is divided by 80.
46
Calculate the remainder when 37 is divided by 12.
1
Calculate the remainder when 1211 is divided by 238.
21
What is the remainder when 962 is divided by 66?
38
Calculate the remainder when 225 is divided by 6.
3
Calculate the remainder when 262 is divided by 19.
15
Calculate the remainder when 145 is divided by 96.
49
Calculate the remainder when 3866 is divided by 33.
5
What is the remainder when 1454 is divided by 2?
0
Calculate the remainder when 182 is divided by 10.
2
What is the remainder when 314 is divided by 64?
58
Calculate the remainder when 1116 is divided by 53.
3
Calculate the remainder when 3734 is divided by 19.
10
What is the remainder when 2871 is divided by 12?
3
What is the remainder when 120 is divided by 25?
20
Calculate the remainder when 269 is divided by 142.
127
What is the remainder when 605 is divided by 122?
117
Calculate the remainder when 850 is divided by 95.
90
What is the remainder when 248 is divided by 63?
59
Calculate the remainder when 770 is divided by 380.
10
Calculate the remainder when 2175 is divided by 80.
15
Calculate the remainder when 104 is divided by 42.
20
What is the remainder when 207 is divided by 21?
18
What is the remainder when 1126 is divided by 71?
61
What is the remainder when 110 is divided by 46?
18
Calculate the remainder when 434 is divided by 64.
50
What is the remainder when 117 is divided by 24?
21
Calculate the remainder when 273 is divided by 20.
13
What is the remainder when 786 is divided by 47?
34
Calculate the remainder when 95 is divided by 18.
5
What is the remainder when 123 is divided by 19?
9
Calculate the remainder when 6131 is divided by 219.
218
What is the remainder when 1541 is divided by 196?
169
What is the remainder when 2404 is divided by 55?
39
Calculate the remainder when 6149 is divided by 15.
14
What is the remainder when 258 is divided by 13?
11
Calculate the remainder when 571 is divided by 180.
31
What is the remainder when 526 is divided by 138?
112
What is the remainder when 333 is divided by 28?
25
Calculate the remainder when 3580 is divided by 358.
0
Calculate the remainder when 1737 is divided by 20.
17
Calculate the remainder when 264 is divided by 45.
39
What is the remainder when 95 is divided by 50?
45
What is the remainder when 26 is divided by 11?
4
Calculate the remainder when 111 is divided by 43.
25
Calculate the remainder when 21 is divided by 14.
7
Calculate the remainder when 37 is divided by 28.
9
Calculate the remainder when 59263 is divided by 45.
43
What is the remainder when 737 is divided by 29?
12
What is the remainder when 4963 is divided by 27?
22
Calculate the remainder when 99 is divided by 4.
3
Calculate the remainder when 145 is divided by 42.
19
What is the remainder when 619 is divided by 27?
25
Calculate the remainder when 2718 is divided by 303.
294
What is the remainder when 986 is divided by 62?
56
Calculate the remainder when 1118 is divided by 277.
10
What is the remainder when 48 is divided by 24?
0
Calculate the remainder when 1999 is divided by 166.
7
Calculate the remainder when 175 is divided by 8.
7
What is the remainder when 121 is divided by 31?
28
Calculate the remainder when 603 is divided by 41.
29
What is the remainder when 157 is divided by 28?
17
What is the remainder when 2764 is divided by 2750?
14
What is the remainder when 1321 is divided by 63?
61
What is the remainder when 63 is divided by 25?
13
Calculate the remainder when 2961 is divided by 29.
3
Calculate the remainder when 85 is divided by 35.
15
What is the remainder when 29 is divided by 23?
6
What is the remainder when 16057 is divided by 11?
8
What is the remainder when 282 is divided by 32?
26
Calculate the remainder when 56 is divided by 23.
10
Calculate the remainder when 63 is divided by 18.
9
Calculate the remainder when 1682 is divided by 187.
186
Calculate the remainder when 243 is divided by 40.
3
Calculate the remainder when 207 is divided by 134.
73
What is the remainder when 121 is divided by 47?
27
What is the remainder when 443 is divided by 32?
27
Calculate the remainder when 558 is divided by 92.
6
Calculate the remainder when 6749 is divided by 18.
17
What is the remainder when 957 is divided by 29?
0
Calculate the remainder when 113 is divided by 32.
17
Calculate the remainder when 865 is divided by 282.
19
What is the remainder when 387 is divided by 45?
27
What is the remainder when 190 is divided by 18?
10
Calculate the remainder when 144 is divided by 25.
19
Calculate the remainder when 710 is divided by 143.
138
Calculate the remainder when 52 is divided by 13.
0
Calculate the remainder when 664 is divided by 18.
16
What is the remainder when 628 is divided by 42?
40
What is the remainder when 568 is divided by 193?
182
What is the remainder when 28 is divided by 4?
0
What is the remainder when 2115 is divided by 21?
15
Calculate the remainder when 2108 is divided by 10.
8
What is the remainder when 41 is divided by 27?
14
Calculate the remainder when 263 is divided by 12.
11
Calculate the remainder when 2318 is divided by 105.
8
What is the remainder when 759 is divided by 70?
59
What is the remainder when 132 is divided by 23?
17
What is the remainder when 51 is divided by 24?
3
Calculate the remainder when 1072 is divided by 49.
43
Calculate the remainder when 5079 is divided by 1269.
3
Calculate the remainder when 1134 is divided by 189.
0
Calculate the remainder when 413 is divided by 60.
53
What is the remainder when 917 is divided by 108?
53
What is the remainder when 665 is divided by 257?
151
What is the remainder when 38774 is divided by 281?
277
What is the remainder when 331 is divided by 41?
3
Calculate the remainder when 7055 is divided by 41.
3
Calculate the remainder when 79 is divided by 10.
9
Calculate the remainder when 119 is divided by 28.
7
What is the remainder when 63 is divided by 60?
3
Calculate the remainder when 120 is divided by 61.
59
Calculate the remainder when 17 is divided by 4.
1
What is the remainder when 25759 is divided by 56?
55
What is the remainder when 592 is divided by 44?
20
Calculate the remainder when 11023 is divided by 149.
146
What is the remainder when 4939 is divided by 48?
43
Calculate the remainder when 395 is divided by 143.
109
Calculate the remainder when 542 is divided by 110.
102
Calculate the remainder when 179 is divided by 14.
11
What is the remainder when 896 is divided by 892?
4
Calculate the remainder when 261 is divided by 88.
85
Calculate the remainder when 58 is divided by 33.
25
Calculate the remainder when 101 is divided by 17.
16
Calculate the remainder when 915 is divided by 5.
0
What is the remainder when 717 is divided by 16?
13
Calculate the remainder when 719 is divided by 12.
11
Calculate the remainder when 1576 is divided by 519.
19
Calculate the remainder when 355 is divided by 78.
43
What is the remainder when 861 is divided by 24?
21
What is the remainder when 298 is divided by 23?
22
What is the remainder when 395 is divided by 122?
29
Calculate the remainder when 1469 is divided by 16.
13
What is the remainder when 20 is divided by 6?
2
What is the remainder when 207 is divided by 67?
6
What is the remainder when 494 is divided by 71?
68
Calculate the remainder when 32697 is divided by 436.
433
Calculate the remainder when 307 is divided by 104.
99
What is the remainder when 6668 is divided by 24?
20
What is the remainder when 166 is divided by 53?
7
What is the remainder when 102 is divided by 38?
26
What is the remainder when 4543 is divided by 142?
141
Calculate the remainder when 39 is divided by 31.
8
Calculate the remainder when 282 is 